{"id":862,"date":"2011-09-23T15:15:41","date_gmt":"2011-09-23T15:15:41","guid":{"rendered":"http:\/\/rttheme18.demo-rt.com\/?page_id=5"},"modified":"2025-07-29T11:33:53","modified_gmt":"2025-07-29T11:33:53","slug":"hakkimizda","status":"publish","type":"page","link":"https:\/\/pulsar.com.tr\/kimya\/hakkimizda\/","title":{"rendered":"Hakk\u0131m\u0131zda"},"content":{"rendered":"<p><\/p>\n<div id=\"idTextPanel\">\n<p>1983 y\u0131l\u0131nda temelleri at\u0131lan Pulsar \u015eirketler Grubu b\u00fcnyesinde yer alan Pulsar Kimya Sanayi ve Ticaret Anonim \u015eirketi, 40 y\u0131l\u0131 a\u015fk\u0131n bir s\u00fcredir ileri teknoloji end\u00fcstriyel kimyasal \u00fcr\u00fcnlerin sanayimize kazand\u0131r\u0131lmas\u0131 konusunda T\u00fcrk End\u00fcstrisi\u2019ne hizmet vermektedir.<\/p>\n<\/div>\n<p>Uzmanl\u0131k alan\u0131,\u00a0<strong>end\u00fcstriyel yap\u0131\u015ft\u0131r\u0131c\u0131\u00a0<\/strong>\u00fcr\u00fcnler, bak\u0131m-onar\u0131m ve proses kimyasallar\u0131 olan Pulsar Kimya A.\u015e.; Savunma sanayi, petrokimya, elektronik, makine, havac\u0131l\u0131k, in\u015faat, beyaz e\u015fya, medikal, mobilya, cam ve otomotiv sekt\u00f6rlerine \u201c<strong>teknik \u00e7\u00f6z\u00fcmler<\/strong>\u201d sunarak uzun y\u0131llara dayanan bilgi birikimini end\u00fcstrinin hemen hemen t\u00fcm dallar\u0131nda yer alan kurulu\u015flarla payla\u015fmaktad\u0131r.<\/p>\n<p>Ankara\u2019da bulunan merkez ofisi ile \u0130stanbul, Bursa, \u0130zmir b\u00f6lge m\u00fcd\u00fcrl\u00fckleri ve T\u00fcrkiye\u2019ye yay\u0131lm\u0131\u015f bayileri arac\u0131l\u0131\u011f\u0131yla portf\u00f6y\u00fcndeki bini a\u015fk\u0131n \u00fcr\u00fcn\u00fc \u201c<strong>do\u011fru yerde do\u011fru \u00e7\u00f6z\u00fcm<\/strong>\u201d prensibi ile m\u00fc\u015fterileri ile bulu\u015fturmaktad\u0131r.<\/p>\n<p>Pulsar Kimya, yenilik\u00e7i ve rekabet\u00e7i hizmet\/\u00e7\u00f6z\u00fcm anlay\u0131\u015f\u0131n\u0131 \u201c<strong>s\u00fcrd\u00fcr\u00fclebilir kalite<\/strong>\u201d ilkesi ile birle\u015ftiren say\u0131l\u0131 kurulu\u015flardand\u0131r.<\/p>","protected":false},"excerpt":{"rendered":"<p>1983 y\u0131l\u0131nda temelleri at\u0131lan Pulsar \u015eirketler Grubu b\u00fcnyesinde yer alan Pulsar Kimya Sanayi ve Ticaret Anonim \u015eirketi, 40 y\u0131l\u0131 a\u015fk\u0131n bir s\u00fcredir ileri teknoloji end\u00fcstriyel kimyasal \u00fcr\u00fcnlerin sanayimize kazand\u0131r\u0131lmas\u0131 konusunda T\u00fcrk End\u00fcstrisi\u2019ne hizmet vermektedir. Uzmanl\u0131k alan\u0131,\u00a0end\u00fcstriyel yap\u0131\u015ft\u0131r\u0131c\u0131\u00a0\u00fcr\u00fcnler, bak\u0131m-onar\u0131m ve proses kimyasallar\u0131 olan Pulsar Kimya A.\u015e.; Savunma sanayi, petrokimya, elektronik, makine, havac\u0131l\u0131k, in\u015faat, beyaz e\u015fya, medikal, [&hellip;]<\/p>\n","protected":false},"author":1,"featured_media":0,"parent":0,"menu_order":0,"comment_status":"open","ping_status":"open","template":"","meta":{"footnotes":""},"class_list":["post-862","page","type-page","status-publish","hentry"],"yoast_head":"<!-- This site is optimized with the Yoast SEO plugin v24.2 - https:\/\/yoast.com\/wordpress\/plugins\/seo\/ -->\n<title>Hakk\u0131m\u0131zda | Pulsar Kimya | End\u00fcstriyel Teknik \u00c7\u00f6z\u00fcmler<\/title>\n<meta name=\"description\" content=\"Ankara\u2019daki merkez ofisi ile \u0130stanbul, Bursa, \u0130zmir b\u00f6lge m\u00fcd\u00fcrl\u00fckleri ile bini a\u015fk\u0131n \u00fcr\u00fcn\u00fc \u201cdo\u011fru yerde do\u011fru \u00e7\u00f6z\u00fcm\u201d prensibi...\" \/>\n<meta name=\"robots\" content=\"index, follow, max-snippet:-1, max-image-preview:large, max-video-preview:-1\" \/>\n<link rel=\"canonical\" href=\"https:\/\/pulsar.com.tr\/kimya\/hakkimizda\/\" \/>\n<meta property=\"og:locale\" content=\"tr_TR\" \/>\n<meta property=\"og:type\" content=\"article\" \/>\n<meta property=\"og:title\" content=\"[:tr]Hakk\u0131m\u0131zda[:en]About Us[:ru]\u043e \u043d\u0430\u0441[:] | Pulsar Kimya | End\u00fcstriyel Teknik \u00c7\u00f6z\u00fcmler\" \/>\n<meta property=\"og:description\" content=\"Ankara\u2019daki merkez ofisi ile \u0130stanbul, Bursa, \u0130zmir b\u00f6lge m\u00fcd\u00fcrl\u00fckleri ile bini a\u015fk\u0131n \u00fcr\u00fcn\u00fc \u201cdo\u011fru yerde do\u011fru \u00e7\u00f6z\u00fcm\u201d prensibi...\" \/>\n<meta property=\"og:url\" content=\"https:\/\/pulsar.com.tr\/kimya\/hakkimizda\/\" \/>\n<meta property=\"og:site_name\" content=\"Pulsar Kimya\" \/>\n<meta property=\"article:publisher\" content=\"https:\/\/www.facebook.com\/PulsarKimyaSanayi\" \/>\n<meta property=\"article:modified_time\" content=\"2025-07-29T11:33:53+00:00\" \/>\n<meta name=\"twitter:card\" content=\"summary_large_image\" \/>\n<meta name=\"twitter:site\" content=\"@PulsarKimya\" \/>\n<meta name=\"twitter:label1\" content=\"Tahmini okuma s\u00fcresi\" \/>\n\t<meta name=\"twitter:data1\" content=\"1 dakika\" \/>\n<script type=\"application\/ld+json\" class=\"yoast-schema-graph\">{\"@context\":\"https:\/\/schema.org\",\"@graph\":[{\"@type\":\"WebPage\",\"@id\":\"https:\/\/pulsar.com.tr\/kimya\/hakkimizda\/\",\"url\":\"https:\/\/pulsar.com.tr\/kimya\/hakkimizda\/\",\"name\":\"[:tr]Hakk\u0131m\u0131zda[:en]About Us[:ru]\u043e \u043d\u0430\u0441[:] | Pulsar Kimya | End\u00fcstriyel Teknik \u00c7\u00f6z\u00fcmler\",\"isPartOf\":{\"@id\":\"https:\/\/pulsar.com.tr\/kimya\/#website\"},\"datePublished\":\"2011-09-23T15:15:41+00:00\",\"dateModified\":\"2025-07-29T11:33:53+00:00\",\"description\":\"Ankara\u2019daki merkez ofisi ile \u0130stanbul, Bursa, \u0130zmir b\u00f6lge m\u00fcd\u00fcrl\u00fckleri ile bini a\u015fk\u0131n \u00fcr\u00fcn\u00fc \u201cdo\u011fru yerde do\u011fru \u00e7\u00f6z\u00fcm\u201d prensibi...\",\"breadcrumb\":{\"@id\":\"https:\/\/pulsar.com.tr\/kimya\/hakkimizda\/#breadcrumb\"},\"inLanguage\":\"tr\",\"potentialAction\":[{\"@type\":\"ReadAction\",\"target\":[\"https:\/\/pulsar.com.tr\/kimya\/hakkimizda\/\"]}]},{\"@type\":\"BreadcrumbList\",\"@id\":\"https:\/\/pulsar.com.tr\/kimya\/hakkimizda\/#breadcrumb\",\"itemListElement\":[{\"@type\":\"ListItem\",\"position\":1,\"name\":\"Ana sayfa\",\"item\":\"https:\/\/pulsar.com.tr\/kimya\/\"},{\"@type\":\"ListItem\",\"position\":2,\"name\":\"Hakk\u0131m\u0131zda\"}]},{\"@type\":\"WebSite\",\"@id\":\"https:\/\/pulsar.com.tr\/kimya\/#website\",\"url\":\"https:\/\/pulsar.com.tr\/kimya\/\",\"name\":\"Pulsar Kimya\",\"description\":\"\",\"publisher\":{\"@id\":\"https:\/\/pulsar.com.tr\/kimya\/#organization\"},\"potentialAction\":[{\"@type\":\"SearchAction\",\"target\":{\"@type\":\"EntryPoint\",\"urlTemplate\":\"https:\/\/pulsar.com.tr\/kimya\/?s={search_term_string}\"},\"query-input\":{\"@type\":\"PropertyValueSpecification\",\"valueRequired\":true,\"valueName\":\"search_term_string\"}}],\"inLanguage\":\"tr\"},{\"@type\":\"Organization\",\"@id\":\"https:\/\/pulsar.com.tr\/kimya\/#organization\",\"name\":\"Pulsar Kimya Sanayi ve Ticaret A.\u015e.\",\"url\":\"https:\/\/pulsar.com.tr\/kimya\/\",\"logo\":{\"@type\":\"ImageObject\",\"inLanguage\":\"tr\",\"@id\":\"https:\/\/pulsar.com.tr\/kimya\/#\/schema\/logo\/image\/\",\"url\":\"https:\/\/pulsar.com.tr\/kimya\/wp-content\/uploads\/2020\/11\/kimya-logo.png\",\"contentUrl\":\"https:\/\/pulsar.com.tr\/kimya\/wp-content\/uploads\/2020\/11\/kimya-logo.png\",\"width\":153,\"height\":175,\"caption\":\"Pulsar Kimya Sanayi ve Ticaret A.\u015e.\"},\"image\":{\"@id\":\"https:\/\/pulsar.com.tr\/kimya\/#\/schema\/logo\/image\/\"},\"sameAs\":[\"https:\/\/www.facebook.com\/PulsarKimyaSanayi\",\"https:\/\/x.com\/PulsarKimya\",\"https:\/\/www.instagram.com\/pulsarkimya\/\",\"https:\/\/www.linkedin.com\/company\/pulsarkimya\/\",\"https:\/\/www.youtube.com\/channel\/UCSgxLg4VTIotm-9IafHYM5w\"]}]}<\/script>\n<!-- \/ Yoast SEO plugin. -->","yoast_head_json":{"title":"[:tr]Hakk\u0131m\u0131zda[:en]About Us[:ru]\u043e \u043d\u0430\u0441[:] | Pulsar Kimya | End\u00fcstriyel Teknik \u00c7\u00f6z\u00fcmler","description":"Ankara\u2019daki merkez ofisi ile \u0130stanbul, Bursa, \u0130zmir b\u00f6lge m\u00fcd\u00fcrl\u00fckleri ile bini a\u015fk\u0131n \u00fcr\u00fcn\u00fc \u201cdo\u011fru yerde do\u011fru \u00e7\u00f6z\u00fcm\u201d prensibi...","robots":{"index":"index","follow":"follow","max-snippet":"max-snippet:-1","max-image-preview":"max-image-preview:large","max-video-preview":"max-video-preview:-1"},"canonical":"https:\/\/pulsar.com.tr\/kimya\/hakkimizda\/","og_locale":"tr_TR","og_type":"article","og_title":"[:tr]Hakk\u0131m\u0131zda[:en]About Us[:ru]\u043e \u043d\u0430\u0441[:] | Pulsar Kimya | End\u00fcstriyel Teknik \u00c7\u00f6z\u00fcmler","og_description":"Ankara\u2019daki merkez ofisi ile \u0130stanbul, Bursa, \u0130zmir b\u00f6lge m\u00fcd\u00fcrl\u00fckleri ile bini a\u015fk\u0131n \u00fcr\u00fcn\u00fc \u201cdo\u011fru yerde do\u011fru \u00e7\u00f6z\u00fcm\u201d prensibi...","og_url":"https:\/\/pulsar.com.tr\/kimya\/hakkimizda\/","og_site_name":"Pulsar Kimya","article_publisher":"https:\/\/www.facebook.com\/PulsarKimyaSanayi","article_modified_time":"2025-07-29T11:33:53+00:00","twitter_card":"summary_large_image","twitter_site":"@PulsarKimya","twitter_misc":{"Tahmini okuma s\u00fcresi":"1 dakika"},"schema":{"@context":"https:\/\/schema.org","@graph":[{"@type":"WebPage","@id":"https:\/\/pulsar.com.tr\/kimya\/hakkimizda\/","url":"https:\/\/pulsar.com.tr\/kimya\/hakkimizda\/","name":"[:tr]Hakk\u0131m\u0131zda[:en]About Us[:ru]\u043e \u043d\u0430\u0441[:] | Pulsar Kimya | End\u00fcstriyel Teknik \u00c7\u00f6z\u00fcmler","isPartOf":{"@id":"https:\/\/pulsar.com.tr\/kimya\/#website"},"datePublished":"2011-09-23T15:15:41+00:00","dateModified":"2025-07-29T11:33:53+00:00","description":"Ankara\u2019daki merkez ofisi ile \u0130stanbul, Bursa, \u0130zmir b\u00f6lge m\u00fcd\u00fcrl\u00fckleri ile bini a\u015fk\u0131n \u00fcr\u00fcn\u00fc \u201cdo\u011fru yerde do\u011fru \u00e7\u00f6z\u00fcm\u201d prensibi...","breadcrumb":{"@id":"https:\/\/pulsar.com.tr\/kimya\/hakkimizda\/#breadcrumb"},"inLanguage":"tr","potentialAction":[{"@type":"ReadAction","target":["https:\/\/pulsar.com.tr\/kimya\/hakkimizda\/"]}]},{"@type":"BreadcrumbList","@id":"https:\/\/pulsar.com.tr\/kimya\/hakkimizda\/#breadcrumb","itemListElement":[{"@type":"ListItem","position":1,"name":"Ana sayfa","item":"https:\/\/pulsar.com.tr\/kimya\/"},{"@type":"ListItem","position":2,"name":"Hakk\u0131m\u0131zda"}]},{"@type":"WebSite","@id":"https:\/\/pulsar.com.tr\/kimya\/#website","url":"https:\/\/pulsar.com.tr\/kimya\/","name":"Pulsar Kimya","description":"","publisher":{"@id":"https:\/\/pulsar.com.tr\/kimya\/#organization"},"potentialAction":[{"@type":"SearchAction","target":{"@type":"EntryPoint","urlTemplate":"https:\/\/pulsar.com.tr\/kimya\/?s={search_term_string}"},"query-input":{"@type":"PropertyValueSpecification","valueRequired":true,"valueName":"search_term_string"}}],"inLanguage":"tr"},{"@type":"Organization","@id":"https:\/\/pulsar.com.tr\/kimya\/#organization","name":"Pulsar Kimya Sanayi ve Ticaret A.\u015e.","url":"https:\/\/pulsar.com.tr\/kimya\/","logo":{"@type":"ImageObject","inLanguage":"tr","@id":"https:\/\/pulsar.com.tr\/kimya\/#\/schema\/logo\/image\/","url":"https:\/\/pulsar.com.tr\/kimya\/wp-content\/uploads\/2020\/11\/kimya-logo.png","contentUrl":"https:\/\/pulsar.com.tr\/kimya\/wp-content\/uploads\/2020\/11\/kimya-logo.png","width":153,"height":175,"caption":"Pulsar Kimya Sanayi ve Ticaret A.\u015e."},"image":{"@id":"https:\/\/pulsar.com.tr\/kimya\/#\/schema\/logo\/image\/"},"sameAs":["https:\/\/www.facebook.com\/PulsarKimyaSanayi","https:\/\/x.com\/PulsarKimya","https:\/\/www.instagram.com\/pulsarkimya\/","https:\/\/www.linkedin.com\/company\/pulsarkimya\/","https:\/\/www.youtube.com\/channel\/UCSgxLg4VTIotm-9IafHYM5w"]}]}},"_links":{"self":[{"href":"https:\/\/pulsar.com.tr\/kimya\/wp-json\/wp\/v2\/pages\/862"}],"collection":[{"href":"https:\/\/pulsar.com.tr\/kimya\/wp-json\/wp\/v2\/pages"}],"about":[{"href":"https:\/\/pulsar.com.tr\/kimya\/wp-json\/wp\/v2\/types\/page"}],"author":[{"embeddable":true,"href":"https:\/\/pulsar.com.tr\/kimya\/wp-json\/wp\/v2\/users\/1"}],"replies":[{"embeddable":true,"href":"https:\/\/pulsar.com.tr\/kimya\/wp-json\/wp\/v2\/comments?post=862"}],"version-history":[{"count":10,"href":"https:\/\/pulsar.com.tr\/kimya\/wp-json\/wp\/v2\/pages\/862\/revisions"}],"predecessor-version":[{"id":6785,"href":"https:\/\/pulsar.com.tr\/kimya\/wp-json\/wp\/v2\/pages\/862\/revisions\/6785"}],"wp:attachment":[{"href":"https:\/\/pulsar.com.tr\/kimya\/wp-json\/wp\/v2\/media?parent=862"}],"curies":[{"name":"wp","href":"https:\/\/api.w.org\/{rel}","templated":true}]}}